 of w(-16)?
1
Let w = -367 - -370. Let n = 333 - w. What is the units digit of n?
0
Suppose 0 = 5*u + 2*r - 40253, -16*u = -19*u + 5*r + 24127. What is the thousands digit of u?
8
Suppose -23*q = -18*q - 20, 4*i = -3*q + 92. Suppose -4*a - 32 = -23*r + i*r, -4*r + 2*a + 36 = 0. What is the units digit of r?
8
Let g be (1 - 2)/(21/(-105)). Suppose i - 5*x + g = 0, -3*x - 56 = -4*i - 2*x. What is the units digit of i?
5
Suppose -23*q = -19*q - p - 217235, 5*p - 54314 = -q. What is the units digit of q?
9
Let a = -25711 + 43582. What is the thousands digit of a?
7
Let w(v) = v**3 - 4*v**2 + 7*v - 3. Let b(r) = -r**3 + 4*r**2 - 3*r - 4. Let h be b(4). Let g = h - -21. What is the tens digit of w(g)?
5
Let g = 935 + -239. Suppose -9*r - g = -2046. What is the hundreds digit of r?
1
Let x(n) = -126*n - 5. Suppose 0 = 3*k + p - 2*p - 10, 0 = -3*k + 5*p + 2. Suppose -2*v - 6 = k*v. What is the units digit of x(v)?
1
Let h = 5016 - 2426. Suppose 16*s = 2*s + h. What is the units digit of s?
5
Let c = -2836 + 11267. What is the tens digit of c?
3
Let x = 1333 - -17683. What is the tens digit of x?
1
Suppose 15 = 5*x, 7*x = -2*z + 24468 + 16501. What is the tens digit of z?
7
Let t(x) = x**3 - 5*x**2 + x - 3. Let a be t(5). Suppose 0*u - o - 13 = -2*u, 0 = a*o + 2. What is the units digit of (u/(-4))/(9/(-900))?
0
Let j(n) = n**3 + 21*n**2 + 33*n + 18. Suppose 0 = -3*x + 2*q + q - 66, -76 = 3*x - 5*q. What is the tens digit of j(x)?
1
Suppose 5*s + 4*y - 34 = 0, -s - 3*y - 32 = -3*s. Suppose 9*w = s*w + 3, 5*w = o - 88. What is the units digit of o?
3
Suppose -3*c - 3 = 0, -53*c + 55*c + 46013 = q. What is the units digit of q?
1
Suppose 0 = -42*o + 43*o - 1853. Suppose 9*r = -8*r + o. What is the units digit of r?
9
Suppose -3*f - 3*x + 9 = 0, 10 = f + 4*x - 2. Let a(h) = -8 + 27*h + f*h**2 + 0*h**2 - h**2 + 0*h**2. What is the tens digit of a(11)?
6
Let t(m) = 732*m + 199. What is the hundreds digit of t(2)?
6
Let c(n) = 2*n + 140. Let g = 55 + -38. What is the hundreds digit of c(g)?
1
Let n be (9/3 - 3) + (-36)/(-12). Suppose n*l = -g - 4*g + 3841, g = 4*l - 5106. What is the hundreds digit of l?
2
Let g(h) = 10*h**2 - h + 43. Let u be g(-9). Let k = -435 + u. What is the tens digit of k?
2
Suppose 203 + 166 = -3*p. Let c = p + 361. Suppose 0 = -6*h + 62 + c. What is the units digit of h?
0
Let g = 2665 - 1727. Suppose 0 = 4*m - 700 - 1252. Suppose 0 = 3*h - 5*c - 196 - m, 2*c = -4*h + g. What is the hundreds digit of h?
2
Suppose -32 = -q - 4*u, -10*u - 4 = -6*u. Suppose -5*k + 3*k = -q. What is the units digit of k?
8
Let a(z) be the first derivative of -z**4/4 + 2*z**3 - 2*z**2 + 11*z - 4. Let t be a(5). Let r = 17 + t. What is the tens digit of r?
3
Suppose -3*x - 39369 = -3*a, -4*a + x = -5*a + 13105. What is the ten thousands digit of a?
1
Let k(b) = -3*b**3 + 2*b**2 + 2*b - 4. Let s be k(2). Let t = s - -96. What is the tens digit of t?
8
Let z = -36 + 48. Suppose 0 = -5*r + n + z, -5*n - 22 = -5*r - 2. What is the units digit of r?
2
Let k(s) = 75*s**2 - 5*s + 563. What is the hundreds digit of k(14)?
1
Let x = 5 - 0. Suppose 879 = x*l + 3*i, -l + 55 = -2*i - 113. What is the tens digit of l/(((-1)/2)/(1/(-4)))?
8
Suppose 3*k = -3*u + 47172, 0 = 3*u + 60*k - 58*k - 47178. What is the units digit of u?
0
Let q be 91/39 - (-1)/(-3). Suppose -5*f + 44 = -q*s, 3*s + 8 = 2. Suppose -173 - 267 = -f*g. What is the units digit of g?
5
Suppose 0 = -2*f + 5*z + 69, 6*f - z = 2*f + 129. Suppose n + 4*j = 6*n + 24, -f = 5*n - 2*j. What is the units digit of 1284/n*2/(-3)?
7
What is the hundreds digit of (57/6 + -2)*((-514136)/(-140) + -22)?
3
Suppose 10*d = 17*d - 3444. What is the hundreds digit of (8 + d/(-8))/((-3)/18)?
3
What is the tens digit of 9 + -17 + 20862 - 0?
5
Suppose 6050 - 18374 = 26*u. Let o = 547 + u. What is the units digit of o?
3
Let n(l) = -14340*l - 1606. What is the tens digit of n(-2)?
7
Let g(o) = -1419*o + 3129. What is the ten thousands digit of g(-12)?
2
Let y(l) = 17*l**3 + 9*l**2 - 13*l + 1. Let n(f) = -16*f**3 - 8*f**2 + 13*f. Let m(j) = -4*n(j) - 3*y(j). What is the tens digit of m(3)?
5
Let o = 683 + 6138. What is the units digit of o?
1
Let p be (-19)/4*-2*18/9. Suppose -p*x + 7714 = -0*x. What is the units digit of x?
6
Suppose u = -15*s + 11*s + 9709, -s = 4*u - 38806. What is the hundreds digit of u?
7
Suppose 4*q - 4*n = 8093 + 48387, 0 = -3*q - 3*n + 42360. Suppose 21*s + 4796 - q = 0. What is the hundreds digit of s?
4
Let j = 1264 + 9864. What is the hundreds digit of j?
1
Suppose -5*z + 84 + 56 = 0. Let j = z - 19. Suppose 7*a - j*a = -170. What is the tens digit of a?
8
Let m be 14 - (-2)/(-4)*6. Suppose 0 = -m*y + 12*y. Suppose r + y*r = 80. What is the units digit of r?
0
Suppose -3*m = 11 + 4, 4*c - 2*m = 18. Suppose -c*w + w = -0*w. Suppose w = 10*h - 6*h - 488. What is the hundreds digit of h?
1
Let c(v) = v**2 - v - 6. Let i be c(-3). Suppose i*n + 106 + 680 = 0. Let b = n - -188. What is the tens digit of b?
5
Suppose 4*k = 5*v + 8, k + v = -2 + 4. Suppose k*h - 165 = 17. What is the units digit of h?
1
Let m = 12852 - 2369. What is the thousands digit of m?
0
Suppose 2995*y - 3006*y + 121932 = -97881. What is the hundreds digit of y?
9
Let t be 2/1*(2 - 5/10). Let l(x) = 3*x**t + x - 3*x + 13*x**2 - 2*x**3 + 9 + 13*x. What is the tens digit of l(-11)?
3
Let v be (4 - 0) + 0/2. Suppose 72 = 4*h - v*q, -2*q + 47 = 5*h - 50. Suppose -2*f + 3 = -h. What is the tens digit of f?
1
Let z(m) = 4*m**2 - 35*m + 556. What is the hundreds digit of z(-29)?
9
Let o(m) = 82*m - 40. Let b(i) = 3*i - 23. Let z be b(9). Let s be o(z). Suppose -6*l = -462 - s. What is the hundreds digit of l?
1
Suppose -154 - 728 = 14*b. What is the units digit of -36*5/(30/b)?
8
Let b(u) = -9*u - 161. Let h(n) = -3*n**2 + 41*n + 27. Let k be h(15). What is the tens digit of b(k)?
3
Let g(a) be the third derivative of -175*a**4/12 - 4*a**3 + 8*a**2 - 3*a. What is the hundreds digit of g(-1)?
3
Let j = -63 - -65. What is the units digit of 644 + 8 + (12/j - 3)?
5
Let i be (-6)/8 - (-6)/8. Suppose -17*c + 20*c - 300 = i. Let s = c + -62. What is the units digit of s?
8
Let s(h) = -h**3 - 7*h**2 - 15*h - 45. Let j be s(-12). Suppose 21*k - j = 18*k. What is the units digit of k?
5
Let a = -1753 + 11474. What is the tens digit of a?
2
Let f(o) = 14*o**2 - 43*o + 1208. What is the ten thousands digit of f(-50)?
3
Suppose -4*g + 10*g - 18 = 0. Let u(d) = -4*d**2 + 9*d - 10. Let b(t) = 12*t**2 - 27*t + 30. Let o(n) = g*b(n) + 8*u(n). What is the hundreds digit of o(-6)?
2
Let a(c) = -1 - 292*c + 120*c - 198*c - 66*c. What is the hundreds digit of a(-1)?
4
Let q be (-84)/(-126)*15/2. Suppose -q*j + 435 = -2*j. What is the tens digit of j?
4
Let t = 9895 + -6108. Suppose -t - 3653 = -8*u. What is the tens digit of u?
3
Let b(q) = -1708*q - 5840. What is the ten thousands digit of b(-16)?
2
Let n be -5 + (-3 - 71)*4/(-8). Suppose -n*w + 16*w + 23376 = 0. What is the thousands digit of w?
1
Suppose h - 48382 = -5*y + 2*y, -4*y + 5*h + 64465 = 0. What is the units digit of y?
5
Suppose 3*f - 6*f + 9 = 0, 2*w + 5*f = 5. Let r(k) = -176*k - 73. What is the units digit of r(w)?
7
Let y = -4195 - -20923. What is the units digit of y?
8
Let x(u) = 8*u**3 + 5*u**2 - 10*u + 33. Let y be x(6). Suppose 0 = -2*r + y - 75. What is the hundreds digit of r?
9
Suppose 4*i = -c - 3*c + 52, 0 = -5*i + 10. Suppose c*a + 2157 = 6381. What is the hundreds digit of a?
3
Suppose 3133 = g + 5*o - 5060, g = o + 8163. What is the units digit of g?
8
Let g(n) = -2779*n - 8576. What is the ten thousands digit of g(-8)?
1
Let l be 62/2*(2 - 3). Let o = 1634 + -1817. Let r = l - o. What is the tens digit of r?
5
Let o = -240 + 162. Let h = -147 - o. What is the tens digit of -1 + ((-10)/5 - h)?
6
Let o be (-357 - 5)*(-1)/(-3)*-3. Let i = o - 340. What is the units digit of i?
2
Let c(x) = -x**2 + 8. Suppose -26*g = -30*g. Let h be c(g). Suppose -22*p = -h*p - 2450. What is the hundreds digit of p?
1
Suppose 0 = -3*t - 723 - 861. Let l = 3239 + -2427. Let i = l + t. What is the units digit of i?
4
What is the hundreds digit of (6/5 - 0)/(50*(-7)/(-34125))?
1
Suppose -9*v = -7*v - 4. Suppose -3*z + 12 = 0, -5*z = v*g - 31 + 5. Suppose 0 = g*y - 4*k - 508, -2*k - 7 - 1 = 0. Wh